 of 4992121436?
6
What is the ten millions digit of 239331950?
3
What is the hundreds digit of 13226906?
9
What is the hundred thousands digit of 27180473?
1
What is the ten millions digit of 264446901?
6
What is the ten millions digit of 24349340?
2
What is the ten thousands digit of 1177771781?
7
What is the units digit of 1081819056?
6
What is the thousands digit of 7105306881?
6
What is the tens digit of 160576823?
2
What is the thousands digit of 30304693?
4
What is the tens digit of 102263461?
6
What is the millions digit of 28419666?
8
What is the tens digit of 3194830525?
2
What is the millions digit of 24897259?
4
What is the millions digit of 363698353?
3
What is the thousands digit of 44958451?
8
What is the hundred thousands digit of 588337873?
3
What is the hundreds digit of 433791869?
8
What is the hundred thousands digit of 43110694?
1
What is the hundreds digit of 125620647?
6
What is the hundreds digit of 1222547418?
4
What is the hundreds digit of 762053712?
7
What is the units digit of 2658426164?
4
What is the millions digit of 15078699?
5
What is the units digit of 1388781437?
7
What is the units digit of 89359793?
3
What is the units digit of 62102323?
3
What is the ten thousands digit of 490594010?
9
What is the millions digit of 624434825?
4
What is the ten thousands digit of 11492888?
9
What is the ten millions digit of 2338869640?
3
What is the hundred thousands digit of 326330120?
3
What is the millions digit of 182076247?
2
What is the ten millions digit of 704602540?
0
What is the billions digit of 7078652474?
7
What is the hundreds digit of 78526810?
8
What is the hundreds digit of 8795509?
5
What is the millions digit of 12085645?
2
What is the millions digit of 25618040?
5
What is the hundred millions digit of 659412783?
6
What is the ten thousands digit of 66054118?
5
What is the thousands digit of 138232522?
2
What is the thousands digit of 57487983?
7
What is the hundreds digit of 6973765?
7
What is the thousands digit of 63740517?
0
What is the thousands digit of 6512117094?
7
What is the millions digit of 100139941?
0
What is the hundreds digit of 1170492?
4
What is the thousands digit of 626621939?
1
What is the thousands digit of 16644858?
4
What is the thousands digit of 1977074696?
4
What is the hundreds digit of 1020357289?
2
What is the tens digit of 254563592?
9
What is the thousands digit of 117839377?
9
What is the millions digit of 48462429?
8
What is the tens digit of 24039670?
7
What is the hundreds digit of 2232809121?
1
What is the units digit of 1835768934?
4
What is the thousands digit of 53015449?
5
What is the hundred millions digit of 386516769?
3
What is the hundred thousands digit of 66597770?
5
What is the millions digit of 3185280145?
5
What is the hundreds digit of 814517887?
8
What is the millions digit of 5528734481?
8
What is the millions digit of 87543873?
7
What is the hundred thousands digit of 497368684?
3
What is the millions digit of 5819415488?
9
What is the ten thousands digit of 2061334?
6
What is the millions digit of 372856528?
2
What is the units digit of 1428338392?
2
What is the millions digit of 3641871650?
1
What is the ten millions digit of 802521752?
0
What is the ten thousands digit of 471284?
7
What is the units digit of 126218853?
3
What is the millions digit of 7074517?
7
What is the tens digit of 282434607?
0
What is the tens digit of 249750852?
5
What is the tens digit of 463375567?
6
What is the hundred millions digit of 203278700?
2
What is the tens digit of 62918052?
5
What is the units digit of 204506682?
2
What is the ten thousands digit of 20558188?
5
What is the hundred millions digit of 686908644?
6
What is the ten millions digit of 79581671?
7
What is the hundreds digit of 74461913?
9
What is the millions digit of 299888953?
9
What is the millions digit of 44745413?
4
What is the millions digit of 2123451578?
3
What is the ten thousands digit of 1522902293?
0
What is the hundred millions digit of 418739868?
4
What is the hundred millions digit of 164764867?
1
What is the ten thousands digit of 169281996?
8
What is the ten thousands digit of 26543265?
4
What is the hundred millions digit of 327563182?
3
What is the hundred thousands digit of 285536393?
5
What is the hundred thousands digit of 4629887674?
8
What is the hundred millions digit of 101490325?
1
What is the hundreds digit of 393716835?
8
What is the hundred millions digit of 5854181827?
8
What is the ten thousands digit of 72513764?
1
What is the ten millions digit of 855810149?
5
What is the units digit of 780563536?
6
What is the ten millions digit of 3744195517?
4
What is the hundreds digit of 83442693?
6
What is the thousands digit of 3339366?
9
What is the thousands digit of 1714872364?
2
What is the ten millions digit of 87295676?
8
What is the tens digit of 1661681690?
9
What is the hundred millions digit of 1202749070?
2
What is the units digit of 89345942?
2
What is the ten millions digit of 259397308?
5
What is the millions digit of 747651730?
7
What is the units digit of 1276070588?
8
What is the units digit of 227951751?
1
What is the thousands digit of 3801633708?
3
What is the hundreds digit of 192114351?
3
What is the millions digit of 7710034279?
0
What is the ten millions digit of 270411001?
7
What is the millions digit of 208289510?
8
What is the thousands digit of 823278963?
8
What is the hundred thousands digit of 51132100?
1
What is the millions digit of 40387256?
0
What is the hundred millions digit of 299941064?
2
What is the ten thousands digit of 3304278029?
7
What is the millions digit of 210206151?
0
What is the hundreds digit of 1883291?
2
What is the units digit of 10216372?
2
What is the thousands digit of 926449727?
9
What is the millions digit of 1385314806?
5
What is the thousands digit of 74882085?
2
What is the units digit of 734767539?
9
What is the units digit of 618612387?
7
What is the tens digit of 12480912?
1
What is the hundred thousands digit of 607978626?
9
What is the ten thousands digit of 355467549?
6
What is the ten millions digit of 173809481?
7
What is the ten millions digit of 126675516?
2
What is the ten thousands digit of 200788172?
8
What is the hundreds digit of 3180261724?
7
What is the units digit of 6826145?
5
What is the tens digit of 428305187?
8
What is the ten millions digit of 13066957?
1
What is the hundred thousands digit of 129474774?
4
What is the tens digit of 207228594?
9
What is the billions digit of 2219832516?
2
What is the units digit of 1990833093?
3
What is the hundred millions digit of 7391228141?
3
What is the millions digit of 2503117?
2
What is the units digit of 1511427937?
7
What is the tens digit of 21231229?
2
What is the ten millions digit of 1146626707?
4
What is the hundreds digit of 2888696346?
3
What is the hundred millions digit of 1125558861?
1
What is the ten thousands digit of 1575899914?
9
What is the hundred millions digit of 3522913552?
5
What is the millions digit of 77473347?
7
What is the hundreds digit of 763886655?
6
What is the tens digit of 2684056144?
4
What is the ten thousands digit of 62092163?
9
What is the hundred millions digit of 1005804092?
0
What is the thousands digit of 236392457?
2
What is the hundred thousands digit of 105132251?
1
What is the ten thousands digit of 5440594?
4
What is the thousands digit of 48504012?
4
What is the ten millions digit of 265295890?
6
What is the thousands digit of 61693947?
3
What is the millions digit of 4855528?
4
What is the ten millions digit of 3718031796?
1
What is the hundreds digit of 1592168269?
2
What is the thousands digit of 793137212?
7
What is the hundred millions digit of 5400229137?
4
What is the ten thousands digit of 233185720?
8
What is the thousands digit of 14941212?
1
What is the hundred thousands digit of 188723644?
7
What is the tens digit of 58448644?
4
What is the hundreds digit of 8144779788?
7
What is the tens digit of 97989173?
7
What is the thousands digit of 735011729?
1
What is the hundred thousands digit of 3035350047?
3
What is the hundred thousands digit of 7699390613?
3
What is the hundreds digit of 429345613?
6
What is the thousands digit of 3533360?
3
What is the tens digit of 25227439?
3
What is the 